679?
20
Calculate the remainder when 205438 is divided by 202.
4
Calculate the remainder when 1174 is divided by 273.
82
What is the remainder when 42754 is divided by 737?
8
Calculate the remainder when 11516 is divided by 1686.
1400
Calculate the remainder when 31851 is divided by 4549.
8
What is the remainder when 1133 is divided by 488?
157
Calculate the remainder when 216454 is divided by 28.
14
Calculate the remainder when 28377 is divided by 14.
13
Calculate the remainder when 180326 is divided by 7513.
14
What is the remainder when 11616 is divided by 709?
272
Calculate the remainder when 40162 is divided by 13387.
1
What is the remainder when 514878 is divided by 86?
82
Calculate the remainder when 7937 is divided by 21.
20
Calculate the remainder when 485 is divided by 171.
143
What is the remainder when 969899 is divided by 2650?
2649
Calculate the remainder when 16557 is divided by 116.
85
Calculate the remainder when 511 is divided by 107.
83
Calculate the remainder when 44572 is divided by 837.
211
Calculate the remainder when 35342 is divided by 693.
692
Calculate the remainder when 1306 is divided by 1289.
17
Calculate the remainder when 258911 is divided by 93.
92
Calculate the remainder when 3345 is divided by 239.
238
Calculate the remainder when 14590 is divided by 347.
16
What is the remainder when 19753 is divided by 6578?
19
What is the remainder when 534590 is divided by 79?
76
Calculate the remainder when 17722 is divided by 772.
738
Calculate the remainder when 77029 is divided by 45.
34
What is the remainder when 33379 is divided by 272?
195
Calculate the remainder when 8053 is divided by 37.
24
Calculate the remainder when 24694 is divided by 63.
61
What is the remainder when 17552 is divided by 1584?
128
What is the remainder when 39574 is divided by 1105?
899
What is the remainder when 16758 is divided by 58?
54
What is the remainder when 4187 is divided by 2881?
1306
Calculate the remainder when 53921 is divided by 59.
54
Calculate the remainder when 12791 is divided by 206.
19
What is the remainder when 17755 is divided by 8687?
381
Calculate the remainder when 3610 is divided by 399.
19
Calculate the remainder when 9574 is divided by 226.
82
Calculate the remainder when 34528 is divided by 2876.
16
Calculate the remainder when 170936 is divided by 34163.
121
Calculate the remainder when 135464 is divided by 2709.
14
Calculate the remainder when 21050 is divided by 4193.
85
What is the remainder when 2158 is divided by 36?
34
What is the remainder when 158317 is divided by 348?
325
What is the remainder when 7874675 is divided by 1548?
1547
What is the remainder when 9574 is divided by 9529?
45
Calculate the remainder when 25341 is divided by 437.
432
What is the remainder when 9809 is divided by 22?
19
What is the remainder when 248 is divided by 55?
28
Calculate the remainder when 2991 is divided by 300.
291
What is the remainder when 1296 is divided by 20?
16
Calculate the remainder when 10837 is divided by 2569.
561
What is the remainder when 286615 is divided by 57311?
60
What is the remainder when 555150 is divided by 52?
50
Calculate the remainder when 391194 is divided by 355.
339
What is the remainder when 68883 is divided by 79?
74
What is the remainder when 12686 is divided by 35?
16
Calculate the remainder when 4233 is divided by 853.
821
Calculate the remainder when 37328 is divided by 306.
302
Calculate the remainder when 13606 is divided by 4399.
409
Calculate the remainder when 344527 is divided by 1188.
7
Calculate the remainder when 34212 is divided by 364.
360
Calculate the remainder when 2961 is divided by 52.
49
What is the remainder when 950 is divided by 435?
80
What is the remainder when 3342 is divided by 571?
487
What is the remainder when 246338 is divided by 82110?
8
What is the remainder when 212020 is divided by 1386?
1348
What is the remainder when 93058 is divided by 15?
13
Calculate the remainder when 783 is divided by 112.
111
What is the remainder when 9196 is divided by 5?
1
What is the remainder when 24310 is divided by 4?
2
Calculate the remainder when 7569 is divided by 401.
351
What is the remainder when 1574461 is divided by 34?
23
Calculate the remainder when 611 is divided by 87.
2
What is the remainder when 5595403 is divided by 72?
67
Calculate the remainder when 7460 is divided by 1931.
1667
Calculate the remainder when 65207 is divided by 156.
155
Calculate the remainder when 64223 is divided by 1338.
1337
Calculate the remainder when 59279 is divided by 8467.
10
What is the remainder when 2337 is divided by 1135?
67
What is the remainder when 183004 is divided by 10166?
16
Calculate the remainder when 61656 is divided by 15414.
0
What is the remainder when 6810 is divided by 101?
43
What is the remainder when 3400110 is divided by 4?
2
What is the remainder when 19499 is divided by 30?
29
What is the remainder when 146347 is divided by 101?
99
What is the remainder when 149466 is divided by 835?
1
Calculate the remainder when 114344 is divided by 150.
44
What is the remainder when 6114299 is divided by 890?
889
What is the remainder when 7783 is divided by 56?
55
Calculate the remainder when 8510 is divided by 1701.
5
Calculate the remainder when 14577 is divided by 45.
42
Calculate the remainder when 41360 is divided by 13773.
41
What is the remainder when 4531 is divided by 109?
62
Calculate the remainder when 5969 is divided by 247.
41
Calculate the remainder when 19970 is divided by 689.
678
Calculate the remainder when 17330 is divided by 965.
925
What is the remainder when 21650 is divided by 320?
210
What is the remainder when 2617 is divided by 427?
55
Calculate the remainder when 896 is divided by 444.
8
What is the remainder when 25105 is divided by 6273?
13
What is the remainder when 2572 is divided by 2546?
26
Calculate the remainder when 39344 is divided by 556.
424
What is the remainder when 22571 is divided by 2049?
32
What is the remainder when 4345 is divided by 21?
19
What is the remainder when 27210 is divided by 514?
482
Calculate the remainder when 2175 is divided by 519.
99
What is the remainder when 31662 is divided by 156?
150
Calculate the remainder when 5283 is divided by 1320.
3
What is the remainder when 27244 is divided by 188?
172
What is the remainder when 59043 is divided by 538?
401
Calculate the remainder when 60103 is divided by 40.
23
What is the remainder when 13786 is divided by 70?
66
Calculate the remainder when 1109705 is divided by 488.
481
What is the remainder when 304388 is divided by 10?
8
Calculate the remainder when 48697 is divided by 97.
3
Calculate the remainder when 457569 is divided by 152522.
3
Calculate the remainder when 1250 is divided by 606.
38
What is the remainder when 45945 is divided by 84?
81
What is the remainder when 10520 is divided by 430?
200
What is the remainder when 17227 is divided by 78?
67
Calculate the remainder when 28130 is divided by 190.
10
Calculate the remainder when 16279 is divided by 458.
249
What is the remainder when 53785 is divided by 17927?
4
Calculate the remainder when 885 is divided by 436.
13
What is the remainder when 10489 is divided by 339?
319
Calculate the remainder when 12529 is divided by 37.
23
Calculate the remainder when 3766 is divided by 640.
566
What is the remainder when 48656 is divided by 41?
30
Calculate the remainder when 174 is divided by 53.
15
What is the remainder when 11347 is divided by 81?
7
What is the remainder when 2298 is divided by 441?
93
What is the remainder when 9244 is divided by 38?
10
What is the remainder when 173401 is divided by 8257?
4
Calculate the remainder when 5343 is divided by 2668.
7
What is the remainder when 371388 is divided by 13755?
3
What is the remainder when 103022 is divided by 325?
322
What is the remainder when 131957 is divided by 8?
5
What is the remainder when 129764 is divided by 424?
20
What is the remainder when 3365 is divided by 140?
5
What is the remainder when 7102 is divided by 246?
214
What is the remainder when 31465 is divided by 1124?
1117
Calculate the remainder when 30165 is divided by 19.
12
What is the remainder when 16950 is divided by 8456?
38
What is the remainder when 5459 is divided by 